*w. Let m = w + l. What is the tens digit of m?
8
Suppose -66*r - 28824 + 96342 = 0. What is the tens digit of r?
2
Let z = 187 - -16. Let b(v) = 6 + 7 + z*v - 207*v - 2 + 2*v**2. What is the tens digit of b(4)?
2
Let t be -11578*(-3)/54 + 4/(-18). Suppose 0 = -2*a - 2*o - 68, 3*a = -0*o + o - 110. What is the units digit of (78/a)/13 + t/6?
7
Let m = 274 + -249. Suppose m*i - 406 = 23*i. What is the tens digit of i?
0
Suppose 2*z - 419 = 4*q - q, 3*z + 15 = 0. Let k = 140 + -206. Let f = k - q. What is the tens digit of f?
7
Let o(p) = p**3 - 9*p**2 + 14*p - 4. Let z(v) = 4*v - 21. Let h be z(7). Let a be o(h). What is the units digit of ((-36)/15)/(a/120)?
2
Suppose -53541 = -3*a + 3*x, -5*a + 4*x = 10065 - 99301. What is the thousands digit of a?
7
Let n be ((-18)/10)/((-34)/(-20) - 2). Suppose 42 + 0 = n*o. What is the units digit of o?
7
What is the tens digit of 12/8 - ((-613698)/48 + 4)*4?
2
Let c(w) = 3*w**2 + 11. Let r be c(2). What is the hundreds digit of (1*r)/((-61)/(-1403))?
5
Suppose -5*d - l + 104 = 2*l, -4*d = 3*l - 82. What is the hundreds digit of 7768/d + (-34)/374?
3
What is the hundreds digit of (-8 - -20 - 718)/((-2)/73)?
7
Let i be 686 + -2 + -1 - -1. Suppose -i = -3*r - 0*r. What is the hundreds digit of r?
2
Let w = 23420 - 4814. What is the ten thousands digit of w?
1
Suppose -16*i - 1525464 = -31*i - 9*i. What is the ten thousands digit of i?
6
Suppose -y = g + 6, -22 = 3*y + g - 0. Let c(o) = -3*o**3 - 10*o**2 + 14*o + 41. What is the hundreds digit of c(y)?
8
Suppose -3*x + 4*u - 3 = 5*u, x - 5*u = 15. Suppose 2*c + 0 = 6. Suppose -d - 78 = -c*y + 4*d, x = -d. What is the units digit of y?
6
Suppose 4*h = 3*c + 5*h - 18017, 2*c = -5*h + 12020. What is the units digit of c?
5
Let s = 54530 - -23093. What is the tens digit of s?
2
Let y be (-35)/7 - 1*-23. Suppose -5*r = -y*r + 4368. What is the tens digit of r?
3
Suppose 11688 = 3*y - 1425. What is the units digit of y?
1
Let i = -276 + 671. Suppose i = -15*u + 9515. What is the tens digit of u?
0
Let u = 2208 + -1197. Suppose -7*c + u = -179. What is the tens digit of c?
7
Let k = -56 + 40. Let r = 1160 - k. What is the tens digit of r?
7
Let k be 106/3*(121 + -118). What is the units digit of (-41)/(-2) - 159/k?
9
Let q(k) be the third derivative of 0*k + 20/3*k**3 + 23*k**2 + 0 + 7/24*k**4. What is the tens digit of q(14)?
3
Suppose 5*v - 88 = 17. Let b = 29 + v. What is the units digit of b?
0
Suppose 4*y = -12*y - 32. Let z be (4/5)/y + (-1374)/15. What is the tens digit of ((6*-4)/(-4))/((-3)/z)?
8
Let f(d) be the second derivative of -73*d**3/6 - 34*d**2 + 4*d + 1. What is the tens digit of f(-6)?
7
Let s(k) = -3*k**3 - 71*k**2 - 115*k - 58. What is the thousands digit of s(-29)?
6
Suppose 4*s - 3*p - 36682 = 0, p = 24*s - 31*s + 64231. What is the hundreds digit of s?
1
What is the thousands digit of (6 - 16084/12)/((-2)/72)?
8
Let b(o) be the third derivative of o**5/15 + 7*o**4/12 + 44*o**3/3 - 43*o**2. What is the units digit of b(-9)?
6
Let x(d) = 106*d**3 + 4*d**2 - 20*d + 7. What is the hundreds digit of x(3)?
8
Let o be (1/1)/((-19)/(-95)). Suppose k - b - 6 - 300 = 0, -4*k + o*b = -1225. What is the tens digit of k?
0
Let k = 13005 + -1039. What is the units digit of k?
6
Let o(q) = -160*q - 124. What is the units digit of o(-15)?
6
Let y(u) = 19*u + 5. Let z be y(4). What is the tens digit of z/18*(-178)/(-3)?
6
Suppose -2*p = -8, -2*c - 4*p = -0*p - 60. Suppose c*g - 8154 = 4*g. What is the units digit of g?
3
Suppose -5*v - b + 3 = 0, b - 3 = 2*v - 5*v. Suppose 4*g - 18*o + 19*o - 4515 = v, 5655 = 5*g + 5*o. What is the tens digit of g?
2
Let p(a) = -121*a**3 - 15*a**2 - 19*a - 109. What is the ten thousands digit of p(-7)?
4
Suppose 3*k + 3*f - 15 = 0, 13 = 2*k - 2*f + 23. Let j(n) = -n**2 - 17*n + 86. What is the tens digit of j(k)?
8
Let y(w) be the second derivative of w**3/6 + 20*w**2 - 3*w - 13. What is the tens digit of y(24)?
6
Let z(y) = -y**2 + 7*y + 20. Let a be z(9). Suppose 0 = -a*x - 9 + 7. What is the tens digit of 2*(x - 0)*(-165)/6?
5
Let j(a) = 2*a**2 - 10*a + 17. Suppose 2*t + 9 = 1. Let v be 14/6*3 - (t - 0). What is the tens digit of j(v)?
4
Suppose 23152 = 2*t - v, -11586 = -t + 64*v - 61*v. What is the tens digit of t?
7
Suppose -255404 = -4*c + 13*y - 14*y, -2*c + y = -127690. What is the hundreds digit of c?
8
Let x = -3111 - -15144. What is the thousands digit of x?
2
Let p be (4/(-3))/((-3)/(-9)) + -23. Let t = p - -94. What is the tens digit of t?
6
Let w = 544 - 450. Suppose -1620 = w*o - 103*o. What is the tens digit of o?
8
Let g = 54508 + -2690. What is the thousands digit of g?
1
What is the ten thousands digit of ((-801)/623 + (-194)/(-42))*(17741 - -1)?
5
Suppose 383*v - 89*v - 1734306 = 0. What is the tens digit of v?
9
Suppose -5*b = -w + 26, -15*b + 18*b - 15 = 0. What is the tens digit of w?
5
Suppose 13*h - 83*h + 4393550 = 0. What is the tens digit of h?
6
Let v(z) be the second derivative of -40*z**3/3 - 29*z**2/2 + 10*z + 4. What is the units digit of v(-5)?
1
Suppose 9*l + 22*l - 109244 = 0. What is the hundreds digit of l?
5
Suppose 8*g + 1405 = 8765. Suppose -g = -u - 338. Suppose -u = -4*s + m + m, -s + 163 = 3*m. What is the hundreds digit of s?
1
Suppose -792 = 13*g + 131. Suppose 0 = -x - x - 98. Let t = x - g. What is the tens digit of t?
2
Let w(t) = -423*t - 53. What is the units digit of w(-55)?
2
Let n(t) = 41*t**2 - 17*t - 36. What is the tens digit of n(16)?
8
Let c(n) = -4*n**2 - 90*n - 118. Let y be c(-21). Suppose k = r + 255, -5*k - 4*r - r = -1235. Let f = k - y. What is the hundreds digit of f?
2
Let p = -69 + 67. Let m be p + (-44)/(-6) - (-3)/(-9). Suppose -m*z = -4*w - w - 235, -2*z + w = -92. What is the tens digit of z?
4
Suppose -4*i - 2*s = -34, -i = -0*i - 5*s - 3. Let u(z) = -i*z + 26*z + 1 + 5 + 3. What is the units digit of u(3)?
3
Let l(p) = p**3 - 2*p**2 - 5*p + 3309. What is the thousands digit of l(0)?
3
Suppose 2*u - 15 - 1 = 0. Let i be 24/14*28/u. Suppose v - i*v + 390 = 0. What is the units digit of v?
8
Let p be (-8)/(-28) - (-45288)/(-42). Let d = -1 - 1. What is the hundreds digit of (p/245)/(2/(30*d))?
1
Let r(v) = -10*v - 180. Let g be r(-18). Suppose -3*p + 245 + 427 = g. What is the units digit of p?
4
Let u be ((-1324)/6)/((-52)/78). Let x = u + -160. What is the units digit of x?
1
Let g be 2 - (-16)/(-4) - -2. Suppose -737 = -4*v - g*u + u, -561 = -3*v - 2*u. What is the tens digit of v?
8
Let a = 104 - 27. Let z be 69/(a/(-22)*3/(-7)). Suppose -21*q = -22*q + z. What is the units digit of q?
6
Let v = 54 + -28. Let y(j) = -2 + 13 + 19 - v*j. What is the hundreds digit of y(-5)?
1
Suppose -4*g - 20 = -4*d, 0*g + 20 = -g + 4*d. What is the tens digit of 640 - -15 - (g + -2 - -3)?
5
Let c(s) = s + 17. Let v be c(-14). Suppose 2*t - 6 + v = -d, 3*d = -15. Suppose 12 = -t*i, 0 = -3*b + 4*i - i + 261. What is the units digit of b?
4
Let t = -2517 + 3664. Suppose 21*m = 6880 - t. What is the tens digit of m?
7
Let x be (3/4)/((66/(-48))/(-11)). Suppose x*h + 147 = 2403. What is the units digit of h?
6
Suppose 0 = -31*o + 31062 + 8649. What is the units digit of o?
1
Let i(f) = -2*f + 12. Let d be i(-16). Let a = d - 28. Suppose a*r - 2450 = 2*r. What is the hundreds digit of r?
1
Let j(p) = 167*p**2 + 955*p - 5679. What is the tens digit of j(6)?
6
Let h = -1236 - -1947. What is the hundreds digit of h?
7
Let h(u) = 12*u**3 + 6*u**2 + 10*u + 18. What is the units digit of h(8)?
6
What is the tens digit of (9460 - -183)/(0 + 1)?
4
Let p(q) = 70*q**2 - 891*q + 5363. What is the thousands digit of p(6)?
2
Let a(f) = -7*f**3 + 5*f**2 + f - 11. Let z(i) = -2*i**2 - 4*i + 2. Let u be z(-3). What is the hundreds digit of a(u)?
5
Suppose -61*y = -2*t - 66*y + 107910, 0 = t + 3*y - 53954. What is the hundreds digit of t?
9
Let u be 2/2*168/8. Suppose -14*z + 21 = -u. Suppose z*d - 326 = d. What is the units digit of d?
3
Let a = -76 - -80. Suppose a*l + 3*v - 254 = 0, -3*v = l - 5*v - 69. Suppose 103 = 3*m - l. What is the units digit of m?
6
Let g be -475 + 1 + 8 + -11. Let y = -246 - g. What is the units digit of y?
1
Let t(n) = 2*n**2 - n + 33. Let q be t(11). Let y = 452 + q. What is the tens digit of y?
1
What is the hundreds digit of (-2)/(-2) + (6100 - (16 + 